 1216420964?
2, 11, 19, 23, 41, 1543
What are the prime factors of 1250309534?
2, 13523, 46229
What are the prime factors of 920825976?
2, 3, 7, 23, 167, 1427
List the prime factors of 1578784454.
2, 13, 1709, 35531
List the prime factors of 71110196.
2, 991, 17939
What are the prime factors of 1005584036?
2, 2053, 122453
List the prime factors of 315099132.
2, 3, 523, 50207
List the prime factors of 27066601.
17, 41, 38833
List the prime factors of 1363045853.
13, 73, 1436297
List the prime factors of 254420966.
2, 6163, 20641
What are the prime factors of 693740667?
3, 587, 393947
List the prime factors of 115214935.
5, 11, 23, 91079
List the prime factors of 951299824.
2, 59456239
List the prime factors of 63366128.
2, 7, 565769
List the prime factors of 197756839.
7, 28250977
What are the prime factors of 87312538?
2, 79, 552611
List the prime factors of 72511311.
3, 1283, 18839
What are the prime factors of 248639967?
3, 27626663
What are the prime factors of 13201843?
17, 443, 1753
List the prime factors of 4198629.
3, 1399543
List the prime factors of 1529844409.
3851, 397259
What are the prime factors of 3082029947?
211, 14606777
What are the prime factors of 1243568248?
2, 13, 919799
List the prime factors of 349451904.
2, 3, 910031
What are the prime factors of 421003192?
2, 137, 281, 1367
List the prime factors of 932513.
932513
List the prime factors of 314466739.
19, 71, 12269
List the prime factors of 169923317.
6857, 24781
List the prime factors of 252570672.
2, 3, 1753963
What are the prime factors of 132648888?
2, 3, 911, 6067
List the prime factors of 12449816.
2, 29, 103, 521
What are the prime factors of 415114746?
2, 3, 3041, 22751
What are the prime factors of 152384514?
2, 3, 83, 157, 1949
What are the prime factors of 17627816?
2, 2203477
What are the prime factors of 1681356709?
47, 349, 102503
What are the prime factors of 156100261?
1013, 154097
What are the prime factors of 35227180?
2, 5, 691, 2549
What are the prime factors of 3802522?
2, 31, 61331
What are the prime factors of 154903833?
3, 7, 359, 761
What are the prime factors of 5723308466?
2, 2861654233
List the prime factors of 1085180341.
7, 155025763
What are the prime factors of 100190572?
2, 19, 103, 12799
List the prime factors of 31730271.
3, 23, 79, 5821
List the prime factors of 45263691.
3, 11, 37, 1373
What are the prime factors of 420348167?
547, 768461
What are the prime factors of 4346928935?
5, 869385787
List the prime factors of 377831108.
2, 94457777
List the prime factors of 2172071771.
43, 47, 1074751
List the prime factors of 1064953812.
2, 3, 13, 79, 86413
What are the prime factors of 157373809?
157373809
What are the prime factors of 47450258?
2, 19, 1248691
List the prime factors of 34146392.
2, 7, 609757
List the prime factors of 452169495.
3, 5, 10048211
What are the prime factors of 993720238?
2, 7, 73, 972329
What are the prime factors of 1127769885?
3, 5, 11, 17, 14891
List the prime factors of 183386436.
2, 3, 593, 25771
What are the prime factors of 1852684040?
2, 5, 23, 2013787
List the prime factors of 576187494.
2, 3, 17, 83, 68059
List the prime factors of 3019472876.
2, 7, 137, 311, 2531
What are the prime factors of 44313141?
3, 53, 337, 827
List the prime factors of 135973081.
103, 1320127
List the prime factors of 182996863.
7, 43, 53, 11471
List the prime factors of 828866202.
2, 3, 138144367
What are the prime factors of 22342894?
2, 7, 37, 43133
List the prime factors of 2215891045.
5, 53, 8361853
What are the prime factors of 1967114502?
2, 3, 73, 1497043
List the prime factors of 446598125.
5, 714557
What are the prime factors of 8659531?
8659531
What are the prime factors of 28403845?
5, 83, 68443
What are the prime factors of 8006156?
2, 2001539
What are the prime factors of 701104031?
14437, 48563
What are the prime factors of 1947622304?
2, 263, 231419
What are the prime factors of 29983257?
3, 17, 65323
List the prime factors of 497562574.
2, 248781287
What are the prime factors of 328769557?
83, 197, 20107
What are the prime factors of 527073622?
2, 79, 127, 26267
List the prime factors of 947029685.
5, 7, 41, 659951
What are the prime factors of 17816923?
17816923
List the prime factors of 1567310200.
2, 5, 131, 163, 367
What are the prime factors of 173866667?
13, 17, 157, 5011
What are the prime factors of 199635674?
2, 7, 421, 33871
What are the prime factors of 894667128?
2, 3, 5573, 6689
What are the prime factors of 1010506641?
3, 211, 1596377
What are the prime factors of 212923218?
2, 3, 487, 72869
What are the prime factors of 1303405451?
2137, 609923
List the prime factors of 1723725268.
2, 17, 25348901
What are the prime factors of 113104449?
3, 37, 339653
What are the prime factors of 100089468?
2, 3, 23, 109, 1109
What are the prime factors of 46681514?
2, 11, 197, 10771
What are the prime factors of 1467393602?
2, 59, 1619, 7681
What are the prime factors of 3098551334?
2, 127, 12199021
What are the prime factors of 106779129?
3, 41, 868123
List the prime factors of 1429071738.
2, 3, 19, 12535717
List the prime factors of 21675597.
3, 59, 151, 811
List the prime factors of 20707886.
2, 571, 18133
What are the prime factors of 392443941?
3, 37, 229, 15439
List the prime factors of 16971623.
16971623
List the prime factors of 23743058.
2, 67, 167, 1061
List the prime factors of 1088243168.
2, 17, 2000447
What are the prime factors of 2670115?
5, 7, 76289
List the prime factors of 2841755953.
2841755953
What are the prime factors of 6290687?
13, 37223
What are the prime factors of 593373703?
13, 3511087
What are the prime factors of 2028314?
2, 1014157
List the prime factors of 72886285.
5, 67, 97, 2243
List the prime factors of 70536438.
2, 3, 7, 559813
List the prime factors of 54051908.
2, 17, 794881
What are the prime factors of 12084927?
3, 4028309
List the prime factors of 92195284.
2, 17, 271, 5003
What are the prime factors of 552799547?
19, 257, 113209
What are the prime factors of 490995886?
2, 245497943
What are the prime factors of 197597268?
2, 3, 11, 127, 3929
List the prime factors of 137307843.
3, 15256427
What are the prime factors of 146168143?
11, 13288013
What are the prime factors of 838331486?
2, 1871, 224033
What are the prime factors of 1190884163?
7, 170126309
What are the prime factors of 61659206?
2, 7, 47, 83, 1129
What are the prime factors of 528519418?
2, 7, 47, 109, 7369
List the prime factors of 125035532.
2, 349, 89567
List the prime factors of 2045944732.
2, 13, 39345091
What are the prime factors of 22437787?
43, 521809
List the prime factors of 804963651.
3, 17, 2663, 5927
What are the prime factors of 349872612?
2, 3, 19, 229, 6701
What are the prime factors of 1707755589?
3, 23, 599, 4591
List the prime factors of 878716783.
7, 125530969
List the prime factors of 46434920.
2, 5, 7, 383, 433
List the prime factors of 568609275.
3, 5, 13, 583189
List the prime factors of 564571946.
2, 257, 421, 2609
List the prime factors of 114463275.
3, 5, 349, 4373
List the prime factors of 236108132.
2, 13, 4540541
What are the prime factors of 2060115107?
2060115107
List the prime factors of 1003004583.
3, 7, 47762123
What are the prime factors of 2878329963?
3, 23, 41714927
What are the prime factors of 71118304?
2, 821, 2707
What are the prime factors of 78549091?
78549091
What are the prime factors of 660353985?
3, 5, 37, 73, 1811
What are the prime factors of 424146708?
2, 3, 2179, 5407
What are the prime factors of 2279467337?
7, 61, 5338331
What are the prime factors of 2519108259?
3, 37, 43, 139, 3797
List the prime factors of 1385993165.
5, 7621, 36373
List the prime factors of 587509583.
19, 1579, 19583
What are the prime factors of 85767764?
2, 21441941
List the prime factors of 69300660.
2, 3, 5, 11, 13, 41, 197
List the prime factors of 329302986.
2, 3, 107, 683, 751
List the prime factors of 109054945.
5, 83, 262783
List the prime factors of 1454193640.
2, 5, 61, 595981
List the prime factors of 333925444.
2, 37, 43, 137, 383
List the prime factors of 508872731.
293, 1736767
What are the prime factors of 3895803?
3, 144289
What are the prime factors of 40742730?
2, 3, 5, 7, 21557
What are the prime factors of 93728162?
2, 11, 4260371
What are the prime fac